02*i**2 + 13295*i - 295. Calculate g(289).
-6
Let a(p) = 10*p**2 + 112*p - 14. Calculate a(-10).
-134
Let k(q) = 11*q**3 - 8*q**2 + 14*q + 15. Give k(2).
99
Let m(c) = -12*c**3 - 227*c**2 + 22*c + 32. Determine m(-19).
-25
Let j(f) = f**3 - 51*f**2 - 7*f + 323. Give j(51).
-34
Let h(m) = m**3 - 41*m**2 + 213*m - 13. Give h(35).
92
Let x(a) = -4*a**2 - 5*a + 13. Determine x(-6).
-101
Let s(o) = 12*o**2 - 339*o + 90. Give s(28).
6
Let m(c) = -c**2 - 71*c + 2459. Give m(-96).
59
Let o(v) = v**2 + 5*v - 1178. Calculate o(32).
6
Let n(l) = l**3 - 5*l**2 + 3*l + 8. Give n(2).
2
Let q(g) = g**2 + 77*g - 1231. Determine q(21).
827
Let k(s) = -55*s + 266. Give k(6).
-64
Let d(t) = -7*t**2 + 227*t - 1175. Give d(7).
71
Let t(k) = 2*k**2 + 368*k + 2839. Calculate t(-176).
23
Let b(z) = -37*z**2 + 112*z - 113. Give b(1).
-38
Let p(a) = 23*a**2 + 12*a - 16. Give p(2).
100
Let s(h) = 35*h - 167. Calculate s(5).
8
Let d(m) = m**2 + 21*m + 107. Give d(-15).
17
Let n(c) = -4*c**3 - c**2 + 2*c - 7. Calculate n(-3).
86
Let s(p) = -2*p**3 - 226*p**2 - 224*p + 11. What is s(-112)?
11
Let p(f) = -11*f**3 - 120*f**2 + 11*f + 30. Calculate p(-11).
30
Let o(z) = -6*z**3 + 95*z**2 - 3*z + 157. Give o(16).
-147
Let k(z) = 4*z**2 + 11*z - 1. What is k(1)?
14
Let q(p) = p**3 - 41*p**2 + 362*p + 27. Determine q(13).
1
Let b(r) = r**2 + 49*r + 82. Determine b(-40).
-278
Let j(v) = 144*v + 4743. Calculate j(-33).
-9
Let l(v) = -3061*v - 247946. Give l(-81).
-5
Let n(y) = -y**3 + 7*y**2 - y - 7. Give n(7).
-14
Let s(l) = 63*l + 1325. Determine s(-21).
2
Let j(f) = 7*f - 210. Give j(29).
-7
Let x(i) = -4*i**3 + 26*i**2 + 27*i - 98. Give x(7).
-7
Let p(u) = u**3 + 22*u**2 - 15*u + 10. What is p(-22)?
340
Let r(z) = -z**3 + 69*z**2 - 1199*z + 301. Calculate r(34).
-5
Let p(r) = -r**3 - 30*r**2 + 26*r + 3. Give p(-31).
158
Let k(x) = -x**3 - 4*x**2 + 24*x + 78. Calculate k(-6).
6
Let l(g) = 31*g - 110. Give l(7).
107
Let v(w) = 11*w**2 - 151*w + 28. Calculate v(12).
-200
Let b(v) = -270*v + 5945. Determine b(22).
5
Let b(g) = 2*g**3 + 23*g**2 + 4*g - 8. What is b(-10)?
252
Let d(r) = -r**2 - 37*r - 237. What is d(-16)?
99
Let n(r) = -r**2 - 42*r + 1403. What is n(-65)?
-92
Let q(d) = 32*d**2 - 2145*d + 62. Determine q(67).
-5
Let f(g) = -730*g - 133. Determine f(0).
-133
Let l(q) = 120*q - 2418. Give l(20).
-18
Let v(r) = -2*r**3 + 6*r**2 + 35*r + 5. Give v(6).
-1
Let x(r) = -3236*r + 3277. Give x(1).
41
Let k(s) = 17*s - 717. What is k(42)?
-3
Let l(a) = -a**3 + 51*a**2 - 5*a + 287. What is l(51)?
32
Let k(r) = 2*r**2 - 142*r + 275. Determine k(69).
-1
Let n(b) = -2*b**3 - 99*b**2 - 52*b - 104. Give n(-49).
43
Let q(o) = -o**3 + 17*o**2 - 26*o - 23. Calculate q(15).
37
Let p(f) = -29*f**2 + 1015*f - 6. Determine p(35).
-6
Let s(q) = -47*q - 1233. Determine s(-26).
-11
Let q(v) = -31*v + 1683. Give q(48).
195
Let u(v) = -77*v + 929. Give u(13).
-72
Let m(k) = -8*k**2 + 376*k - 3172. Determine m(36).
-4
Let v(h) = -7*h**2 + 5*h + 5. What is v(-4)?
-127
Let n(z) = 2*z**2 - 127*z - 80. Calculate n(64).
-16
Let b(c) = 7*c**2 + 296*c + 2871. Give b(-15).
6
Let x(g) = -10*g**3 + 160*g**2 - 5*g + 76. What is x(16)?
-4
Let c(v) = -v + 70. Calculate c(4).
66
Let a(o) = o**3 + o**2 + o + 39. Give a(-5).
-66
Let m(f) = -3*f**2 + 46*f + 287. Give m(20).
7
Let s(m) = 92*m + 640. Give s(-7).
-4
Let b(m) = -18*m + 462. What is b(27)?
-24
Let k(p) = 10647*p + 106477. Determine k(-10).
7
Let w(q) = -3*q - 116. Give w(-7).
-95
Let k(m) = m**3 + 8*m**2 - 6*m + 59. Determine k(-9).
32
Let h(b) = 11*b**3 - 11*b**2 + 16*b + 4. Determine h(2).
80
Let w(h) = -607*h - 2440. Calculate w(-4).
-12
Let y(w) = -w**2 - 70*w - 794. What is y(-54)?
70
Let r(g) = g**2 + 143*g + 4. What is r(0)?
4
Let v(o) = -o**2 + 14*o + 657. Give v(-19).
30
Let p(m) = -m**3 + 34*m**2 - 32*m - 81. Determine p(33).
-48
Let c(p) = 2*p + 186. Give c(-28).
130
Let u(i) = -i**3 - 24*i**2 + 9*i + 199. What is u(-24)?
-17
Let w(j) = -23*j + 247. Determine w(12).
-29
Let y(b) = -2*b**3 - 97*b**2 - 51*b - 129. Determine y(-48).
15
Let a(o) = 26*o - 432. Determine a(17).
10
Let w(f) = -7*f**3 + 251*f**2 - 206*f - 140. Give w(35).
0
Let r(s) = 623*s + 11850. Calculate r(-19).
13
Let k(y) = -y**2 + 66*y - 740. Determine k(53).
-51
Let p(s) = 2*s**3 + 12*s**2 - 35*s - 75. What is p(-6)?
135
Let x(l) = -l**3 - 6*l**2 - 88*l - 543. What is x(-6)?
-15
Let i(p) = -7*p**2 - 92*p - 445. Give i(-11).
-280
Let j(r) = -34*r**3 - r**2 + 9*r - 9. What is j(1)?
-35
Let s(p) = -406*p + 1249. Give s(3).
31
Let o(d) = -d**3 + 28*d**2 + 128*d + 4. What is o(32)?
4
Let o(i) = i**3 + 23*i**2 + 34*i - 9. What is o(-20)?
511
Let q(d) = 18*d - 419. Determine q(12).
-203
Let v(d) = -122*d - 190. What is v(-2)?
54
Let y(w) = -673*w + 6601. Give y(10).
-129
Let x(i) = 251*i + 467. What is x(-2)?
-35
Let m(j) = 3117*j - 9313. Calculate m(3).
38
Let o(g) = 107*g - 609. Calculate o(5).
-74
Let u(r) = 98*r + 6564. Calculate u(-66).
96
Let f(a) = -a**2 + 263*a - 11434. Determine f(208).
6
Let o(q) = 7*q**2 + 448*q + 1806. Determine o(-4).
126
Let q(y) = -2*y**3 + 18*y**2 + 11*y - 118. Calculate q(11).
-481
Let k(a) = -14*a - 175. Calculate k(-24).
161
Let a(v) = 179*v + 68. Give a(-2).
-290
Let f(h) = 379*h + 3038. Determine f(-8).
6
Let b(w) = 91*w**2 + 1823*w + 27. What is b(-20)?
-33
Let l(q) = -22*q + 18. Give l(6).
-114
Let r(i) = -2*i**3 + 194*i**2 - 198*i + 581. Determine r(96).
5
Let g(s) = 38*s**2 - 340*s. Determine g(9).
18
Let y(v) = -4*v**2 - 128*v + 2. Calculate y(-32).
2
Let n(m) = 229*m - 8932. What is n(39)?
-1
Let t(z) = z**3 - z**2 - 19*z + 24. Calculate t(5).
29
Let x(m) = 427*m + 3400. Give x(-8).
-16
Let p(k) = -k**3 + 23*k**2 - 87*k + 39. What is p(3)?
-42
Let x(t) = 178*t + 14509. Give x(-81).
91
Let w(l) = -133*l - 1263. What is w(-12)?
333
Let o(p) = p**3 + 15*p**2 + 35*p - 43. Determine o(-12).
-31
Let w(n) = -n**2 - 11*n - 1. What is w(-1)?
9
Let p(n) = 773*n + 6983. Calculate p(-9).
26
Let n(k) = -k**2 - 44*k - 128. What is n(-37)?
131
Let o(d) = -d**3 - 5*d**2 - 164*d - 321. Give o(-2).
-5
Let g(t) = -t**3 + 3*t**2 + 221*t - 207. Determine g(16).
1
Let h(o) = -12*o - 218. Calculate h(-9).
-110
Let n(m) = -m**3 + 34*m**2 - 58*m - 213. Determine n(32).
-21
Let g(x) = -x**3 - 9*x**2 - 8*x. Determine g(-8).
0
Let r(n) = -409*n - 1602. Determine r(-4).
34
Let z(c) = 8*c + 529. Calculate z(-14).
417
Let j(d) = -2*d**3 - 27*d**2 + 6*d + 245. Give j(-13).
-2
Let p(s) = -s**2 - 27*s + 120. Give p(4).
-4
Let g(q) = -3349*q + 120559. Determine g(36).
-5
Let s(q) = 27*q - 56. What is s(1)?
-29
Let h(k) = -246*k + 2235. Determine h(9).
21
Let r(l) = -5*l + 180. Determine r(-41).
385
Let m(q) = -229*q - 36188. Give m(-158).
-6
Let k(i) = -i**2 - 167*i + 16283. What is k(69)?
-1
Let p(t) = -t**2 + 37*t + 76. Determine p(39).
-2
Let o(f) = 21*f**2 + 747*f - 754. What is o(1)?
14
Let o(f) = f**3 - 19*f**2 - 63*f + 278. Give o(21).
-163
Let b(t) = -7*t**3 - 12*t**2 - 10*t - 53. Give b(-6).
1087
Let u(y) = y**3 + 22*y**2 - 15*y + 76. Give u(-23).
-108
Let k(n) = n**3 - 26*n**2 - 1127*n - 10. Determine k(-23).
-10
Let k(y) = -y**2 + 18*y + 21. Calculate k(12).
93
Let d(v) = -19*v - 124. What is d(-5)?
-29
Let h(p) = -p**3 + 10*p**2 - 4*p - 1. What is h(5)?
104
Let f(p) = -p**3 - 7*p**2 - 19*p - 19. Give f(-4).
9
Let d(u) = 110*u - 159. Calculate d(8).
721
Let t(n) = 58*n + 224. Give t(-3).
50
Let z(f) = -f**2 - 23*f + 160. What is z(-28)?
20
Let m(t) = -277*t - 280. Give m(-1).
-3
Let s(v) = -8*v**2 - 18*v - 50. Calculate s(-4).
-106
Let m(q) = -18*q - 879. Determine m(-49).
3
Let t(a) = a**3 + 7*a**2 - 43*a - 246. What is t(-7)?
55
Let w(z) = -61*z - 178. Determine w(-6).
188
Let b(y) = -319*y - 1980. Calculate b(-6).
-66
Let o(d) = -44*d - 475. What is o(-11)?
9
Let w(f) = 1222*f - 24504. Determine w(20).
-64
Let x(p) = 55*p - 472. Determine x(10).
78
Let y(l) = 83*l + 363. Calculate y(-4).
31
Let x(m) = 8*m**3 + 16*m + 26. Give x(-5).
-1054
Let x(a) = -156*a + 3504. Determine x(22).
72
Let t(o) = o**3 - 17*o**2 + 73*o + 7. Calculate t(9).
16
Let o(x) = -x**3 + 26*x**2 - x + 37. What is o(0)?
37
Let k(b) = b**3 + 40*b**2 + 3*b + 94. Calculate k(-40).
-26
Let w(p) = -p**3 + 11*p**2 + 92*p + 121. Calculate w(17).
-49
Let y(f) = 838*f - 8261. What is y(10)?